3 = i. Calculate the highest common divisor of d and z.
6
Suppose 0 = -b + 5*x + 28, -5*x + x - 62 = -2*b. What is the highest common factor of b and 3?
3
Let o = 1 - 1. Suppose 0 = -4*q + s + 110 - 1, -3*q + s + 81 = o. Calculate the greatest common divisor of q and 70.
14
Let i be (5 - 3)*1/2. Let h be (17/4)/i*4. Calculate the highest common divisor of h and 68.
17
Let z be (-6)/5 - 2/(-10). Let j be 5 + 0*z/(-3). Suppose 0 = 4*a + 15 - 95. What is the greatest common factor of j and a?
5
Suppose h - 14 = -h. Calculate the highest common factor of h and 28.
7
Suppose 0 = c - 2*c - 2*v + 18, 2*v = 3*c - 14. Suppose 0 = -2*x + x - 73. Let s = x + 137. What is the highest common divisor of s and c?
8
Let t(m) = 4*m**2 + m - 4. Let n be t(-4). Let k = 95 - 88. Calculate the highest common factor of n and k.
7
Let g(u) = -2*u**3 + u**2 - u. Let w be g(1). Let f(r) = r**2 + r + 1. Let b be f(w). Let n = 9 - b. What is the highest common divisor of n and 2?
2
Let d = 12 - 10. Suppose d*r - 204 = -r. What is the highest common divisor of 17 and r?
17
Suppose -170 = -5*q - 5. What is the highest common divisor of q and 22?
11
Let s = 116 - 112. Calculate the highest common factor of s and 2.
2
Suppose l = 0, 5*h - h = -3*l + 184. Let p(j) = 9*j - 2. Let w be p(-3). Let v = w + h. Calculate the highest common divisor of 51 and v.
17
Let q(c) = 4*c - 6. Let n be q(5). What is the greatest common divisor of 21 and n?
7
Let z = 10 + 23. Let y(i) = i**3 - 6*i**2 - 8*i + 4. Let x be y(7). Let v = x + 6. Calculate the highest common factor of v and z.
3
Let l = 5 - 3. Let t be l + -2 + 4 + 8. What is the highest common factor of 108 and t?
12
Let r(f) = -6*f + 3. Let l(c) = 3*c - 2. Let t(w) = 9*l(w) + 4*r(w). Let x be t(3). What is the highest common divisor of x and 12?
3
Let h(y) = 2*y - 1. Let c be h(5). What is the highest common factor of 9 and c?
9
Let z(d) = -d**2 + 17*d + 8. Let b be z(10). Suppose 0 = -5*l - 3*s + 127, -21 - b = -5*l + 4*s. Calculate the greatest common divisor of l and 115.
23
Suppose -2*w = -0*w. Suppose 3*a = 2*a - 4*s + 14, w = 5*a - 4*s + 50. Let k be (-111)/a - 3/6. Calculate the greatest common factor of k and 162.
18
Let d(m) = -6 - 3*m + 0 + 2 + 0. Let f be d(-6). Let i be (-3)/(-6) + f/4. Calculate the greatest common divisor of i and 12.
4
Let z(t) = -t**2 + t + 8. Let k be z(0). Let x = -34 + 54. Let s = x + 4. Calculate the greatest common divisor of s and k.
8
Let c = 382 - 63. What is the highest common divisor of c and 29?
29
Suppose 8*v = 10*v - 152. Calculate the greatest common divisor of 19 and v.
19
Let z be (-1)/3 + (-422)/(-6). Suppose -13 = q + 3*m, -2*q + 0 - 37 = -5*m. Let f = 30 + q. What is the greatest common divisor of z and f?
14
Let o(i) be the third derivative of i**6/120 - i**4/6 + i**3/3 - 3*i**2. Let l be o(4). Calculate the greatest common factor of l and 75.
25
Suppose 3*b + 0*g - 74 = 5*g, 2*b = 2*g + 44. Suppose -4*d + 106 = k + 4*k, -d = -4*k + 68. What is the highest common divisor of b and k?
18
Suppose 66 = 2*u - 0*u. Let t be ((-3)/(-9))/(1/u). Calculate the greatest common factor of 11 and t.
11
Let p(u) = u**2 - 1. Let r(n) = -n**3 + 8*n**2 + 6*n. Let g(k) = p(k) - r(k). Let s be g(8). Calculate the greatest common factor of s and 5.
5
Let p(c) = -c**2 + 23*c - 44. Let g be p(19). Calculate the greatest common factor of 160 and g.
32
Suppose -4*u + 5*u + 97 = 5*o, 0 = -o - 5*u + 9. Suppose 5*x - 6 - o = 0. Calculate the highest common divisor of x and 20.
5
Let d = -7 + 12. Let l = 4 - d. Let n be -3 - -3 - (l - 12). Calculate the greatest common divisor of 104 and n.
13
Suppose 3*i - x = -0*x + 137, 3*i + x = 133. What is the greatest common divisor of 9 and i?
9
Let a be 4 - 3*3/9. Suppose 3*o + 3*x - 6 = 0, 5*o + a*x = -12 + 32. Let l be o + -3 + (-4)/(-2). What is the highest common factor of 60 and l?
6
Let g be (2/(-6))/(3/(-9)). Calculate the highest common factor of g and 2.
1
Let s be 6*((-1)/(-2))/1. Let n = 18 + 3. Let d = n - 6. Calculate the highest common divisor of d and s.
3
Suppose 24 = -3*n - 3*y, 2*y + 46 = -7*n + 2*n. Let q be 24/60 - 766/n. Calculate the greatest common divisor of 7 and q.
7
Suppose i - 2*i + 55 = -3*n, -3*n + 165 = 3*i. What is the highest common factor of i and 22?
11
Let r(a) = 7*a + 5. Let u be r(6). Suppose 4*s + 3*v - 142 = 127, 0 = 5*v + 5. Let i = s - u. Calculate the greatest common factor of 14 and i.
7
Let d = -14 - -24. Suppose -z = z - d. Suppose 31 = z*h - 29. What is the greatest common factor of h and 12?
12
Let x(g) = g**2. Let w be x(4). Let b be 43 + (-2 - -1)*5 + 2. What is the highest common factor of b and w?
8
Let x = -26 + 38. Suppose -r = -6*r + 10. Suppose o - 40 = m - 0*m, -r*m - 8 = 0. Calculate the highest common factor of x and o.
12
Suppose -y = -7*y + 192. What is the greatest common divisor of 16 and y?
16
Suppose 2*v - 4*b - 16 = -6*b, 3*b = v + 4. Let y be ((-10)/8)/((-1)/16). Calculate the highest common factor of y and v.
5
Let o be (33/(-3))/(5/(-5)*1). Calculate the greatest common divisor of o and 99.
11
Let k be (2 + 1)/((-6)/(-42)) - 3. What is the greatest common divisor of k and 90?
18
Let n(v) = 2*v + 15. Let a be n(-7). What is the highest common divisor of a and 7?
1
Suppose -7*x = -2*x - 5. Suppose o + x = 3. What is the highest common factor of o and 10?
2
Let x(u) = 5*u**2 + 6*u + 3. Let q be x(-2). Calculate the highest common divisor of q and 1.
1
Let p be (-4)/(-10) - (-946)/10. Let t = 12 - 7. Let v be (-2)/1 + t + 35. Calculate the greatest common divisor of v and p.
19
Suppose -9 = -k - 0*k. Calculate the greatest common factor of 9 and k.
9
Let g(d) = -d. Let a be g(2). Let i be -6*11*a/4. Calculate the highest common divisor of 3 and i.
3
Let t = 42 - 40. Let b be ((-3)/t)/(51/(-170)). Let r = -23 - -38. What is the highest common factor of b and r?
5
Let n(j) = -j**3 + 7*j**2 + 14*j - 30. Let u be n(8). What is the highest common factor of u and 198?
18
Suppose -3 = q + s + 4*s, -5*q - 2*s + 31 = 0. Calculate the greatest common factor of 28 and q.
7
Let z be (1*9)/((-21)/(-28)). Calculate the highest common divisor of z and 108.
12
Suppose 2*g + 72 = 8*g. What is the greatest common factor of g and 84?
12
Let u(o) = -o**3 - 7*o**2 + 6*o - 6. Suppose 10 = -4*l + 26, 2*q = 2*l - 24. Let f be u(q). Calculate the greatest common factor of 40 and f.
10
Let s be 15 + 1 + (0 - 1). Let n(f) = 3*f**2 + 34*f - 9. Let t be n(-12). What is the highest common factor of t and s?
15
Let m = -13 + 23. Let f be m/(-55) - (-156)/11. Let z(s) = -s**3 + 5*s**2 - 3*s - 2. Let g be z(4). What is the highest common factor of f and g?
2
Let t(n) = -n**2 + 6*n - 2. Let h be t(3). Calculate the greatest common factor of 7 and h.
7
Let y(m) = 2*m**2 + 1. Let l be y(1). Let o = -4 + 6. Suppose -2*f = 3 + 3, f = o*r - 7. What is the highest common factor of l and r?
1
Suppose -19*a + 20*a = 23. What is the greatest common divisor of a and 230?
23
Suppose 0*y - 2*y + 110 = 4*c, 0 = -c + 2*y + 30. Let u = c + -11. Suppose 0 = -4*j - 0*j, 4*j - 34 = -2*i. What is the highest common factor of u and i?
17
Let g = -82 + 109. What is the highest common divisor of g and 27?
27
Let r(p) = -p**2 - p. Let j be r(-2). Let v(i) = -i**3 + 6*i**2 - i - 8. Let m be v(6). Let g = j - m. Calculate the greatest common divisor of g and 24.
12
Let x(d) = -6*d + 3. Let j be x(-6). What is the greatest common factor of j and 26?
13
Let h(r) = 8*r - 3. Let u be h(6). Let y be (16/(-10))/(8/(-60)). Suppose -y - 6 = -i. What is the greatest common factor of u and i?
9
Let k = 45 + -31. Let b = k + 10. Calculate the highest common divisor of b and 8.
8
Let l = 3 + 13. Let y be (l/3)/(4/12). Suppose c = -t + 4*c + 7, -2*t + 5*c + y = 0. What is the highest common divisor of 143 and t?
13
Let s be 255/(-6)*-2 + 0. Suppose 4*h = -5*c + 2*c + 139, -3*h + 97 = -5*c. What is the highest common factor of s and h?
17
Let x(v) = -v + 6. Let t be x(-5). Let j be -1 + 3 + (2 - 1). Let s be ((-22)/3)/((-2)/j). Calculate the greatest common factor of s and t.
11
Let f = 5 - 0. Suppose -k - f*l = -5*k - 1, -3*l + 2 = -k. Calculate the greatest common divisor of 5 and k.
1
Suppose -5*b + 2*x = -98, 0*x + 3*x = 3. Calculate the highest common divisor of